a. Let c(j) = -541*j**3 + j**2 + j. Is c(w) a composite number?
False
Suppose -34*c = -29*c + 25. Let v(b) = -29*b - 6. Is v(c) composite?
False
Let q(v) = -v**3 - 15*v**2 - 16*v + 133. Is q(-33) a composite number?
True
Let b(i) = 13*i + 23 - 6*i**2 - i**2 + 9*i**2. Is b(-12) a composite number?
True
Suppose i - 4*b - b = -11079, 0 = 3*i + 2*b + 33254. Let j = i - -16069. Is (j/10)/(3/6) composite?
False
Suppose -23*j - 73936 = -31*j. Is j composite?
True
Suppose -12*q + 2514 = -6858. Is q composite?
True
Let z(o) = 19*o**2 - 11*o - 28. Let n be z(-6). Let u = 3169 - n. Is u prime?
True
Suppose 102 = -5*q + 22. Let r(t) = t + 20. Let u be r(q). Suppose -u*p - 81 = -645. Is p a composite number?
True
Is 9195/20*(1 - -3) prime?
False
Let w(p) = p + 41. Let z be w(-18). Suppose 3*m = -5*x + z, -5*m - 55 = -7*x + 2*x. Is x a composite number?
False
Suppose 4*v - v = 6. Let x(d) = -20*d**2 + d + 4 + 11*d**v - d**3 + 3*d**3. Is x(6) a prime number?
False
Let v = 338 - -743. Is v prime?
False
Let d(y) = -2635*y + 21. Let m be d(-5). Suppose -20*w + 16*w + m = 0. Is w prime?
True
Let p(l) = 3*l**2 + 7*l + 8. Let m be 10 - 7 - (1 - 4). Is p(m) a composite number?
True
Suppose -5*s = -2*g - 10801, s - 3632 = 4*g - 1461. Is s a composite number?
True
Is (-227475)/(-17) - 160/(-1360) composite?
False
Let o be 3 - (-1 - (3 + -5)). Suppose 4*w - 442 = -2*m, o*w = 5*w - 15. Is m prime?
True
Suppose -2*l = 5*k + 1 - 14, 0 = 4*k + 4. Suppose -294 + l = -5*x. Suppose 5*j = i - x, -i + 136 = i + j. Is i a prime number?
True
Let l = 4161 - 2420. Is l prime?
True
Let i = 16 + -14. Let s(o) = o**2 - 2. Let a be s(i). Suppose -a*g = -73 - 21. Is g a composite number?
False
Let o be (24/9 + -3)*(1 + -22). Suppose 6*k + 217 = o*k. Is k composite?
True
Let w be 5/((-4 + 2)*(-2)/4). Suppose 4*v = w*d + 352, -29 = -v - 4*d + 38. Is v composite?
False
Suppose 0 = -4*x - l - 8010, -x + 4000 = -3*x - 3*l. Let w = -1257 - x. Is w a prime number?
False
Is (-18570)/(-7) - 15/(-105) composite?
True
Is (-5)/40*-56812 + (-9)/(-6) a prime number?
True
Let a be (-8)/(-10) + 330/25. Is (-2)/a + 14968/14 prime?
True
Let l = 88 + 28. Suppose -3*r = -5*j - 1394, r + 5*j + l = 614. Is r a prime number?
False
Let q(u) = 1408*u - 261. Is q(8) prime?
True
Suppose 0 = 3*m + 5*g - 52, -3*g = 4*m - 0*m - 51. Let q be 19/2 - m/6. Let c = q + 43. Is c composite?
True
Let s = -235 - -485. Suppose -b + 262 = g, -b = 2*g - s - 277. Is g a prime number?
False
Is 0/(5 + 3 - 4) - -8791 a prime number?
False
Let c = -20 + 25. Suppose 0 = -u - 2*k + 13 + 5, 2*u - c*k = 0. Let i(t) = 53*t + 23. Is i(u) a prime number?
False
Let b(t) be the third derivative of 313*t**4/24 - t**3/6 - t**2. Let c be b(1). Suppose -2*o - c - 429 = -5*s, 3*s = -3*o + 453. Is s a prime number?
True
Let t(d) = 142*d**2 - 17*d - 25. Is t(8) prime?
False
Let j = 952 - 321. Is j a composite number?
False
Suppose -4*l + 16 = 4*a, -13 = -2*l + a + 2*a. Suppose 0 = g + l*h - 292, 0 = g + 3*h - 205 - 77. Is g prime?
False
Let q = 0 - -3. Suppose -q*a - 5*o + 2693 = a, -3*o = 4*a - 2699. Is a prime?
True
Let l(f) be the second derivative of -317*f**5/120 + f**3/2 - 4*f. Let y(d) be the second derivative of l(d). Is y(-1) composite?
False
Suppose 26*p = 43*p - 1681045. Is p composite?
True
Let j = 3 + -2. Let s(w) = 239*w**2. Let f be s(j). Suppose 0 = -2*v + f + 127. Is v composite?
True
Let r be ((-295)/(-4) - -2)/(1/(-32)). Let b = r + 3415. Is b a prime number?
True
Let l(q) = q**3 - 6*q**2 - 2*q + 14. Let a be l(6). Suppose 2*j + 2*r = 52, -4*j + a*r + 193 = 59. Is j composite?
False
Let n be ((-608)/(-6) - 3)/(3/18). Suppose -r - 2*m = 2*r - 373, n = 5*r - 3*m. Is r a composite number?
True
Let i(r) = 81*r**3 + 7*r**2 - 18*r + 9. Is i(5) a prime number?
False
Suppose -29*x = -27*x - 14. Suppose -x*g + 1824 = 3*r - 2*g, 5*r - 3062 = -g. Is r a composite number?
False
Let i(g) = -3*g**3 - 9*g**2 + 3*g - 19. Let v(k) = -k**3 - k**2 + k + 1. Let d(c) = i(c) - 2*v(c). Is d(-10) a prime number?
True
Let s be 7/(28/12) - 71. Let r = 300 - 487. Let k = s - r. Is k a prime number?
False
Let s = 82483 - -2518. Is s a prime number?
False
Suppose 5*x - 1098 = -3*v, -5*x + 3*v - 879 = -9*x. Is x composite?
True
Let u = -47 + -1. Let j be (u/30)/(4/10). Is (38/3)/(j/(-66)) prime?
False
Let s = 0 + -1. Let l(a) be the first derivative of 3*a**3 + a**2/2 + a + 14. Is l(s) composite?
True
Is 9778/(-5)*235/(-94) composite?
False
Let g(y) = -1351*y + 10. Let m = -23 - -22. Is g(m) a composite number?
False
Let s(o) = o + 0*o + o**3 + 3*o + 8*o**2. Let p be (2/(-6))/((-1)/(-3)) + -6. Is s(p) a prime number?
False
Let i be 4 - (-2 + 1) - 3. Suppose -o - 2*o - i*x = -799, -o = -x - 263. Is o prime?
False
Suppose 14*o - 18*o = 12, -2*o = -4*y + 31610. Is y composite?
False
Let r(z) be the third derivative of 7/60*z**5 + 0 + 5*z**2 - 1/8*z**4 + 0*z + 2/3*z**3. Is r(3) a composite number?
True
Suppose 2627 + 1674 = 17*j. Is j a composite number?
True
Let a be (-2)/(1*(-2)/968). Let o = -639 + a. Is o a composite number?
True
Let z = -3 - -8. Suppose t - 5*t + 4 = 4*k, z*t = 4*k - 31. Suppose -30 + 346 = k*l. Is l a prime number?
True
Let i = -636 + 973. Suppose -94 = -4*n + 798. Suppose d = -r + 180, -i = -3*d + r + n. Is d composite?
True
Suppose 7*n + 7*n = 105770. Is n a composite number?
True
Suppose 2*j + 2 = -n - 2*n, -5*n + 5 = 5*j. Suppose -3*a + 2*a + 20 = -j*c, 0 = -5*a. Is 1245/12 + 3/c composite?
False
Suppose 4*g - 5*g - 37 = 0. Let c = g - -36. Is (-1728)/(-18) - c*1 a composite number?
False
Suppose -3*r + 5*p + 57 = 0, -5*r - 4*p + 6*p + 76 = 0. Suppose h - r = 282. Let x = h - 207. Is x a composite number?
False
Let j = 92799 - 45668. Is j a prime number?
False
Let n(d) = -2*d**3 + 7*d**2 - 6*d + 25. Let g be n(-8). Is g/7 - 4/(-14) composite?
True
Let t(j) = 896*j + 53. Is t(4) composite?
False
Let m = 37269 - 14276. Is m a composite number?
False
Is (145268/10)/((-4)/(-10)) a prime number?
False
Let g(s) be the first derivative of 277*s**2 + 18*s - 11. Let y be g(-17). Is y/(-70) - (-2)/(-7) composite?
True
Let j be -2 + 1/(-2)*-14. Suppose -449 = -y - 5*u - 23, 0 = j*u + 25. Is y a composite number?
True
Let p(k) = 4*k - 15. Let a be p(6). Let z be a*((-24)/9 - -3). Let x = 220 + z. Is x a composite number?
False
Let r be (-11)/(-3) + (-6)/(-18). Suppose 4*n - 3*s = 5*n - 6775, -n = r*s - 6777. Is n prime?
False
Is (4/(-4) + 2)*1843 composite?
True
Suppose 33*m + 0*m = 6699. Is m a prime number?
False
Suppose 6*b + 0*b - 2382 = 0. Is b a prime number?
True
Suppose 13*w + 98*w = 2180373. Is w composite?
True
Let m(s) be the third derivative of -7*s**5/20 - 7*s**3/6 + 4*s**2. Let w be m(6). Let p = -458 - w. Is p a prime number?
False
Suppose -3*i = -2*w + 7, 3*i = -0*w - 2*w + 37. Suppose w*u = 4*u + 28. Suppose 3*v - 2188 = -4*p - 297, u*v + 918 = 2*p. Is p composite?
True
Let u be (-1)/(-5) - 32/10 - 2048. Let m = -1465 - u. Is m composite?
True
Suppose 4*i - 13 = -1. Suppose 2*h = -4*f + 358, i*h + 2*f - 527 = 6*f. Is h a prime number?
False
Suppose 12*u = 8*u - 4*m + 2572, -4*u - m = -2584. Is u a composite number?
False
Let b(j) = j**2 + 13*j + 9. Let o be b(-13). Suppose -3*z - o = 5*n, -5*z + 0 - 2 = 4*n. Let a(u) = -4*u**3 - 2*u**2 + u. Is a(n) a prime number?
False
Suppose 0 = -2*j + 5*n + 5629, 3*j = 3*n - 4*n + 8435. Suppose 3*y = 5*y. Suppose y*s - 4*s = -j. Is s a prime number?
False
Suppose 4*j + 5*y + 79 = 0, -j + 2*y - 74 = 4*j. Let a(b) = -28*b + 31. Is a(j) a prime number?
True
Is (-26318)/8*(-148)/37 prime?
True
Let l(p) = p**3 - 3*p**2 - 4*p. Let d be l(3). Let m = d - -27. Is m prime?
False
Suppose p - 40 = b - 0*b, 0 = -3*b + p - 122. Let a = b - -63. Is (a/(-6))/((-3)/153) a composite number?
True
Let a(h) = -932*h + 45. Is a(-23) a prime number?
True
Suppose 5*j + 3168 - 8595 = 4*k, 5421 = 5*j - 2*k. Let t = 3262 - j. Is t a prime number?
True
Suppose -25960 = -3*g - 18*c + 17*c, 3*c = -2*g + 17302. Is g a prime number?
False
Suppose -8*t + t + 2849 = 0. Let v(x) = x**3 + 4*x**2 + 3*x + 3. Let p be v(-2). Suppose -u = p*i - 216, t + 347 = 4*u - 2*i. Is u prime?
True
Let c(q) = 55*q**2 + 12*q - 6. Let k be c(-11). Suppose 2*m - d - k = 0, 6*d - d + 3236 = m. Is m composite?
True
Let t be (-5)/((-5)/(-4)) - 